{"id":3,"date":"2020-01-06T14:42:51","date_gmt":"2020-01-06T17:42:51","guid":{"rendered":"https:\/\/elcanillita.info\/press\/?page_id=3"},"modified":"2021-09-22T18:06:54","modified_gmt":"2021-09-22T21:06:54","slug":"politica-privacidad-cookie","status":"publish","type":"page","link":"https:\/\/elcanillita.info\/press\/politica-privacidad-cookie\/","title":{"rendered":"Pol\u00edtica de privacidad y Cookie"},"content":{"rendered":"<p>De acuerdo con el Reglamento de la UE 2016\/679 (GDPR), nos comprometemos a proteger su privacidad en el tratamiento de los DATOS PERSONALES proporcionados voluntariamente por usted al solicitar servicios espec\u00edficos y\/o ser contactado.<\/p>\n<p>ESTE SITIO utiliza \u00fanicamente cookies &#8220;t\u00e9cnicas&#8221;, que son necesarias para un mejor uso por parte del visitante y para recoger informaci\u00f3n an\u00f3nima sobre las visitas al sitio.<\/p>\n<p>Al navegar por ESTE SITIO usted consiente el uso de cookies de acuerdo con esta Pol\u00edtica, recordando que las cookies almacenadas en el disco duro de su dispositivo pueden ser eliminadas en cualquier momento.<\/p>\n<p>Si no consiente el uso de cookies de esta manera, puede decidir no utilizar nuestro sitio o desactivar el uso de cookies, siguiendo las instrucciones proporcionadas por cada navegador: Internet Explorer, Chrome, Firefox, Opera, Safari, etc. Sin embargo, le recordamos que la configuraci\u00f3n de su navegador para desactivar las cookies puede afectar a su experiencia de navegaci\u00f3n en los sitios web.<\/p>\n<p>El CONTROLADOR DE DATOS es:<br \/>\nRub\u00e9n Guzzo (Guzzo Photos &amp; Graphic Publications), email@guzzophotos.com<\/p>\n<p>DERECHOS DEL SUJETO DE DATOS<br \/>\nUsted tiene derecho a solicitar al CONTROLADOR DE DATOS, en cualquier momento, el acceso a sus DATOS PERSONALES (seg\u00fan el Art. 15 de la RBP), la rectificaci\u00f3n (seg\u00fan el Art. 16 de la RBP), la cancelaci\u00f3n (seg\u00fan el Art. 17 de la RBP), la restricci\u00f3n del tratamiento (seg\u00fan el Art. 18 de la GDPR) o para oponerse a su tratamiento en los casos previstos en el Art. 21 de la GDPR, as\u00ed como para obtener los datos que le conciernen en un formato estructurado, de uso com\u00fan y legible por m\u00e1quina (&#8220;portabilidad&#8221; seg\u00fan el Art. 20 de la GDPR).<\/p>\n<p>Tambi\u00e9n tiene derecho a revocar, en cualquier momento, el consentimiento prestado anteriormente, con la misma sencillez con la que nos fue prestado.<\/p>\n<p>Todas las solicitudes pueden hacerse por escrito al CONTROLADOR DE DATOS, utilizando la direcci\u00f3n indicada al principio de este documento.<\/p>\n<p>En cualquier caso, siempre tendr\u00e1 derecho a presentar una reclamaci\u00f3n ante la autoridad de control competente (Garante per la Protezione dei DATI PERSONALI), de conformidad con el art\u00edculo 77 del PBI, si considera que el tratamiento de sus DATOS PERSONALES es contrario a la normativa vigente.<\/p>\n","protected":false},"excerpt":{"rendered":"<p>De acuerdo con el Reglamento de la UE 2016\/679 (GDPR), nos comprometemos a proteger su privacidad en el tratamiento de los DATOS PERSONALES proporcionados voluntariamente&#8230;<\/p>\n","protected":false},"author":1,"featured_media":0,"parent":0,"menu_order":0,"comment_status":"closed","ping_status":"open","template":"","meta":{"footnotes":"","_links_to":"","_links_to_target":""},"class_list":["post-3","page","type-page","status-publish","hentry","entry","double"],"yoast_head":"<!-- This site is optimized with the Yoast SEO plugin v27.5 - https:\/\/yoast.com\/product\/yoast-seo-wordpress\/ -->\n<title>Pol\u00edtica de privacidad y Cookie - ElCanillita.Info<\/title>\n<meta name=\"robots\" content=\"noindex, follow\" \/>\n<meta property=\"og:locale\" content=\"es_ES\" \/>\n<meta property=\"og:type\" content=\"article\" \/>\n<meta property=\"og:title\" content=\"Pol\u00edtica de privacidad y Cookie - ElCanillita.Info\" \/>\n<meta property=\"og:description\" content=\"De acuerdo con el Reglamento de la UE 2016\/679 (GDPR), nos comprometemos a proteger su privacidad en el tratamiento de los DATOS PERSONALES proporcionados voluntariamente&#8230;\" \/>\n<meta property=\"og:url\" content=\"https:\/\/elcanillita.info\/press\/politica-privacidad-cookie\/\" \/>\n<meta property=\"og:site_name\" content=\"ElCanillita.Info\" \/>\n<meta property=\"article:publisher\" content=\"https:\/\/ar-ar.facebook.com\/ElCanillitainfo-114249515285712\/\" \/>\n<meta property=\"article:modified_time\" content=\"2021-09-22T21:06:54+00:00\" \/>\n<meta name=\"twitter:card\" content=\"summary_large_image\" \/>\n<meta name=\"twitter:label1\" content=\"Tiempo de lectura\" \/>\n\t<meta name=\"twitter:data1\" content=\"2 minutos\" \/>\n<script type=\"application\/ld+json\" class=\"yoast-schema-graph\">{\"@context\":\"https:\\\/\\\/schema.org\",\"@graph\":[{\"@type\":\"WebPage\",\"@id\":\"https:\\\/\\\/elcanillita.info\\\/press\\\/politica-privacidad-cookie\\\/\",\"url\":\"https:\\\/\\\/elcanillita.info\\\/press\\\/politica-privacidad-cookie\\\/\",\"name\":\"Pol\u00edtica de privacidad y Cookie - ElCanillita.Info\",\"isPartOf\":{\"@id\":\"https:\\\/\\\/elcanillita.info\\\/press\\\/#website\"},\"datePublished\":\"2020-01-06T17:42:51+00:00\",\"dateModified\":\"2021-09-22T21:06:54+00:00\",\"inLanguage\":\"es-AR\",\"potentialAction\":[{\"@type\":\"ReadAction\",\"target\":[\"https:\\\/\\\/elcanillita.info\\\/press\\\/politica-privacidad-cookie\\\/\"]}]},{\"@type\":\"WebSite\",\"@id\":\"https:\\\/\\\/elcanillita.info\\\/press\\\/#website\",\"url\":\"https:\\\/\\\/elcanillita.info\\\/press\\\/\",\"name\":\"ElCanillita.Info\",\"description\":\"desde los Apeninos a los Andes\",\"publisher\":{\"@id\":\"https:\\\/\\\/elcanillita.info\\\/press\\\/#organization\"},\"potentialAction\":[{\"@type\":\"SearchAction\",\"target\":{\"@type\":\"EntryPoint\",\"urlTemplate\":\"https:\\\/\\\/elcanillita.info\\\/press\\\/?s={search_term_string}\"},\"query-input\":{\"@type\":\"PropertyValueSpecification\",\"valueRequired\":true,\"valueName\":\"search_term_string\"}}],\"inLanguage\":\"es-AR\"},{\"@type\":\"Organization\",\"@id\":\"https:\\\/\\\/elcanillita.info\\\/press\\\/#organization\",\"name\":\"Guzzo Photos & Graphic Publications\",\"url\":\"https:\\\/\\\/elcanillita.info\\\/press\\\/\",\"logo\":{\"@type\":\"ImageObject\",\"inLanguage\":\"es-AR\",\"@id\":\"https:\\\/\\\/elcanillita.info\\\/press\\\/#\\\/schema\\\/logo\\\/image\\\/\",\"url\":\"https:\\\/\\\/elcanillita.info\\\/press\\\/images\\\/2020\\\/01\\\/cropped-cropped-cropped-elcanillitainfo.png\",\"contentUrl\":\"https:\\\/\\\/elcanillita.info\\\/press\\\/images\\\/2020\\\/01\\\/cropped-cropped-cropped-elcanillitainfo.png\",\"width\":460,\"height\":50,\"caption\":\"Guzzo Photos & Graphic Publications\"},\"image\":{\"@id\":\"https:\\\/\\\/elcanillita.info\\\/press\\\/#\\\/schema\\\/logo\\\/image\\\/\"},\"sameAs\":[\"https:\\\/\\\/ar-ar.facebook.com\\\/ElCanillitainfo-114249515285712\\\/\"]}]}<\/script>\n<!-- \/ Yoast SEO plugin. -->","yoast_head_json":{"title":"Pol\u00edtica de privacidad y Cookie - ElCanillita.Info","robots":{"index":"noindex","follow":"follow"},"og_locale":"es_ES","og_type":"article","og_title":"Pol\u00edtica de privacidad y Cookie - ElCanillita.Info","og_description":"De acuerdo con el Reglamento de la UE 2016\/679 (GDPR), nos comprometemos a proteger su privacidad en el tratamiento de los DATOS PERSONALES proporcionados voluntariamente&#8230;","og_url":"https:\/\/elcanillita.info\/press\/politica-privacidad-cookie\/","og_site_name":"ElCanillita.Info","article_publisher":"https:\/\/ar-ar.facebook.com\/ElCanillitainfo-114249515285712\/","article_modified_time":"2021-09-22T21:06:54+00:00","twitter_card":"summary_large_image","twitter_misc":{"Tiempo de lectura":"2 minutos"},"schema":{"@context":"https:\/\/schema.org","@graph":[{"@type":"WebPage","@id":"https:\/\/elcanillita.info\/press\/politica-privacidad-cookie\/","url":"https:\/\/elcanillita.info\/press\/politica-privacidad-cookie\/","name":"Pol\u00edtica de privacidad y Cookie - ElCanillita.Info","isPartOf":{"@id":"https:\/\/elcanillita.info\/press\/#website"},"datePublished":"2020-01-06T17:42:51+00:00","dateModified":"2021-09-22T21:06:54+00:00","inLanguage":"es-AR","potentialAction":[{"@type":"ReadAction","target":["https:\/\/elcanillita.info\/press\/politica-privacidad-cookie\/"]}]},{"@type":"WebSite","@id":"https:\/\/elcanillita.info\/press\/#website","url":"https:\/\/elcanillita.info\/press\/","name":"ElCanillita.Info","description":"desde los Apeninos a los Andes","publisher":{"@id":"https:\/\/elcanillita.info\/press\/#organization"},"potentialAction":[{"@type":"SearchAction","target":{"@type":"EntryPoint","urlTemplate":"https:\/\/elcanillita.info\/press\/?s={search_term_string}"},"query-input":{"@type":"PropertyValueSpecification","valueRequired":true,"valueName":"search_term_string"}}],"inLanguage":"es-AR"},{"@type":"Organization","@id":"https:\/\/elcanillita.info\/press\/#organization","name":"Guzzo Photos & Graphic Publications","url":"https:\/\/elcanillita.info\/press\/","logo":{"@type":"ImageObject","inLanguage":"es-AR","@id":"https:\/\/elcanillita.info\/press\/#\/schema\/logo\/image\/","url":"https:\/\/elcanillita.info\/press\/images\/2020\/01\/cropped-cropped-cropped-elcanillitainfo.png","contentUrl":"https:\/\/elcanillita.info\/press\/images\/2020\/01\/cropped-cropped-cropped-elcanillitainfo.png","width":460,"height":50,"caption":"Guzzo Photos & Graphic Publications"},"image":{"@id":"https:\/\/elcanillita.info\/press\/#\/schema\/logo\/image\/"},"sameAs":["https:\/\/ar-ar.facebook.com\/ElCanillitainfo-114249515285712\/"]}]}},"_links":{"self":[{"href":"https:\/\/elcanillita.info\/press\/wp-json\/wp\/v2\/pages\/3","targetHints":{"allow":["GET"]}}],"collection":[{"href":"https:\/\/elcanillita.info\/press\/wp-json\/wp\/v2\/pages"}],"about":[{"href":"https:\/\/elcanillita.info\/press\/wp-json\/wp\/v2\/types\/page"}],"author":[{"embeddable":true,"href":"https:\/\/elcanillita.info\/press\/wp-json\/wp\/v2\/users\/1"}],"replies":[{"embeddable":true,"href":"https:\/\/elcanillita.info\/press\/wp-json\/wp\/v2\/comments?post=3"}],"version-history":[{"count":0,"href":"https:\/\/elcanillita.info\/press\/wp-json\/wp\/v2\/pages\/3\/revisions"}],"wp:attachment":[{"href":"https:\/\/elcanillita.info\/press\/wp-json\/wp\/v2\/media?parent=3"}],"curies":[{"name":"wp","href":"https:\/\/api.w.org\/{rel}","templated":true}]}}