{"version":"1.0","provider_name":"ElCanillita.Info","provider_url":"https:\/\/elcanillita.info\/press","author_name":"ElCanillita.info Guzzo Photos &amp; Graphic Publications","author_url":"https:\/\/elcanillita.info\/press\/author\/elcanillita-info\/","title":"Milei sobre una barca con motor de voadeira - ElCanillita.Info","type":"rich","width":600,"height":338,"html":"<blockquote class=\"wp-embedded-content\" data-secret=\"h68g95w3D6\"><a href=\"https:\/\/elcanillita.info\/press\/2026\/03\/06\/segundo-mandato\/\">Milei sobre una barca con motor de voadeira<\/a><\/blockquote><iframe sandbox=\"allow-scripts\" security=\"restricted\" src=\"https:\/\/elcanillita.info\/press\/2026\/03\/06\/segundo-mandato\/embed\/#?secret=h68g95w3D6\" width=\"600\" height=\"338\" title=\"&#8220;Milei sobre una barca con motor de voadeira&#8221; &#8212; ElCanillita.Info\" data-secret=\"h68g95w3D6\" frameborder=\"0\" marginwidth=\"0\" marginheight=\"0\" scrolling=\"no\" class=\"wp-embedded-content\"><\/iframe><script type=\"text\/javascript\">\n\/* <![CDATA[ *\/\n\/*! This file is auto-generated *\/\n!function(d,l){\"use strict\";l.querySelector&&d.addEventListener&&\"undefined\"!=typeof URL&&(d.wp=d.wp||{},d.wp.receiveEmbedMessage||(d.wp.receiveEmbedMessage=function(e){var t=e.data;if((t||t.secret||t.message||t.value)&&!\/[^a-zA-Z0-9]\/.test(t.secret)){for(var s,r,n,a=l.querySelectorAll('iframe[data-secret=\"'+t.secret+'\"]'),o=l.querySelectorAll('blockquote[data-secret=\"'+t.secret+'\"]'),c=new RegExp(\"^https?:$\",\"i\"),i=0;i<o.length;i++)o[i].style.display=\"none\";for(i=0;i<a.length;i++)s=a[i],e.source===s.contentWindow&&(s.removeAttribute(\"style\"),\"height\"===t.message?(1e3<(r=parseInt(t.value,10))?r=1e3:~~r<200&&(r=200),s.height=r):\"link\"===t.message&&(r=new URL(s.getAttribute(\"src\")),n=new URL(t.value),c.test(n.protocol))&&n.host===r.host&&l.activeElement===s&&(d.top.location.href=t.value))}},d.addEventListener(\"message\",d.wp.receiveEmbedMessage,!1),l.addEventListener(\"DOMContentLoaded\",function(){for(var e,t,s=l.querySelectorAll(\"iframe.wp-embedded-content\"),r=0;r<s.length;r++)(t=(e=s[r]).getAttribute(\"data-secret\"))||(t=Math.random().toString(36).substring(2,12),e.src+=\"#?secret=\"+t,e.setAttribute(\"data-secret\",t)),e.contentWindow.postMessage({message:\"ready\",secret:t},\"*\")},!1)))}(window,document);\n\/\/# sourceURL=https:\/\/elcanillita.info\/press\/wp-includes\/js\/wp-embed.min.js\n\/* ]]> *\/\n<\/script>\n","thumbnail_url":"https:\/\/elcanillita.info\/press\/images\/2026\/03\/cover_rmaguzzo.jpg","thumbnail_width":500,"thumbnail_height":500,"description":"Milei anticip\u00f3 que, si logra un segundo mandato, dejar\u00e1 la pol\u00edtica en 2031. Mientras tanto, advierte que no piensa repetir el destino de otros presidentes atrapados por la l\u00f3gica del poder."}

Milei anticipó que, si logra un segundo mandato, dejará la política en 2031. Mientras tanto, advierte que no piensa repetir el destino de otros presidentes atrapados por la lógica del poder.
