{"version":"1.0","provider_name":"ElCanillita.Info","provider_url":"https:\/\/elcanillita.info\/press","author_name":"SalaStampa.eu, world press service","author_url":"https:\/\/elcanillita.info\/press\/author\/rubines\/","title":"Noticias de Cuba - ElCanillita.Info","type":"rich","width":600,"height":338,"html":"<blockquote class=\"wp-embedded-content\" data-secret=\"E8KO0EulcY\"><a href=\"https:\/\/elcanillita.info\/press\/2026\/03\/05\/noticias-de-cuba-7\/\">Noticias de Cuba<\/a><\/blockquote><iframe sandbox=\"allow-scripts\" security=\"restricted\" src=\"https:\/\/elcanillita.info\/press\/2026\/03\/05\/noticias-de-cuba-7\/embed\/#?secret=E8KO0EulcY\" width=\"600\" height=\"338\" title=\"&#8220;Noticias de Cuba&#8221; &#8212; ElCanillita.Info\" data-secret=\"E8KO0EulcY\" frameborder=\"0\" marginwidth=\"0\" marginheight=\"0\" scrolling=\"no\" class=\"wp-embedded-content\"><\/iframe><script type=\"text\/javascript\">\n\/* <![CDATA[ *\/\n\/*! This file is auto-generated *\/\n!function(d,l){\"use strict\";l.querySelector&&d.addEventListener&&\"undefined\"!=typeof URL&&(d.wp=d.wp||{},d.wp.receiveEmbedMessage||(d.wp.receiveEmbedMessage=function(e){var t=e.data;if((t||t.secret||t.message||t.value)&&!\/[^a-zA-Z0-9]\/.test(t.secret)){for(var s,r,n,a=l.querySelectorAll('iframe[data-secret=\"'+t.secret+'\"]'),o=l.querySelectorAll('blockquote[data-secret=\"'+t.secret+'\"]'),c=new RegExp(\"^https?:$\",\"i\"),i=0;i<o.length;i++)o[i].style.display=\"none\";for(i=0;i<a.length;i++)s=a[i],e.source===s.contentWindow&&(s.removeAttribute(\"style\"),\"height\"===t.message?(1e3<(r=parseInt(t.value,10))?r=1e3:~~r<200&&(r=200),s.height=r):\"link\"===t.message&&(r=new URL(s.getAttribute(\"src\")),n=new URL(t.value),c.test(n.protocol))&&n.host===r.host&&l.activeElement===s&&(d.top.location.href=t.value))}},d.addEventListener(\"message\",d.wp.receiveEmbedMessage,!1),l.addEventListener(\"DOMContentLoaded\",function(){for(var e,t,s=l.querySelectorAll(\"iframe.wp-embedded-content\"),r=0;r<s.length;r++)(t=(e=s[r]).getAttribute(\"data-secret\"))||(t=Math.random().toString(36).substring(2,12),e.src+=\"#?secret=\"+t,e.setAttribute(\"data-secret\",t)),e.contentWindow.postMessage({message:\"ready\",secret:t},\"*\")},!1)))}(window,document);\n\/\/# sourceURL=https:\/\/elcanillita.info\/press\/wp-includes\/js\/wp-embed.min.js\n\/* ]]> *\/\n<\/script>\n","thumbnail_url":"https:\/\/elcanillita.info\/press\/images\/2026\/03\/WhatsApp-Image-2026-03-05-at-16.52.55.jpeg","thumbnail_width":393,"thumbnail_height":218,"description":"Tres d\u00e9cadas despu\u00e9s del derribo de dos avionetas civiles de la organizaci\u00f3n \"Hermanos al Rescate\", el Fiscal General de Florida, anunci\u00f3 el miercoles, la apertura de una investigaci\u00f3n criminal estatal contra Ra\u00fal Castro."}

Tres décadas después del derribo de dos avionetas civiles de la organización "Hermanos al Rescate", el Fiscal General de Florida, anunció el miercoles, la apertura de una investigación criminal estatal contra Raúl Castro.
