{"version":"1.0","provider_name":"ElCanillita.Info","provider_url":"https:\/\/elcanillita.info\/press","author_name":"ElCanillita.info Guzzo Photos &amp; Graphic Publications","author_url":"https:\/\/elcanillita.info\/press\/author\/elcanillita-info\/","title":"Argentina libertaria y la gran purga staliniana - ElCanillita.Info","type":"rich","width":600,"height":338,"html":"<blockquote class=\"wp-embedded-content\" data-secret=\"0ZajaVhk5C\"><a href=\"https:\/\/elcanillita.info\/press\/2025\/11\/27\/argentina-libertaria-y-la-gran-purga-staliniana\/\">Argentina libertaria y la gran purga staliniana<\/a><\/blockquote><iframe sandbox=\"allow-scripts\" security=\"restricted\" src=\"https:\/\/elcanillita.info\/press\/2025\/11\/27\/argentina-libertaria-y-la-gran-purga-staliniana\/embed\/#?secret=0ZajaVhk5C\" width=\"600\" height=\"338\" title=\"&#8220;Argentina libertaria y la gran purga staliniana&#8221; &#8212; ElCanillita.Info\" data-secret=\"0ZajaVhk5C\" frameborder=\"0\" marginwidth=\"0\" marginheight=\"0\" scrolling=\"no\" class=\"wp-embedded-content\"><\/iframe><script type=\"text\/javascript\">\n\/* <![CDATA[ *\/\n\/*! This file is auto-generated *\/\n!function(d,l){\"use strict\";l.querySelector&&d.addEventListener&&\"undefined\"!=typeof URL&&(d.wp=d.wp||{},d.wp.receiveEmbedMessage||(d.wp.receiveEmbedMessage=function(e){var t=e.data;if((t||t.secret||t.message||t.value)&&!\/[^a-zA-Z0-9]\/.test(t.secret)){for(var s,r,n,a=l.querySelectorAll('iframe[data-secret=\"'+t.secret+'\"]'),o=l.querySelectorAll('blockquote[data-secret=\"'+t.secret+'\"]'),c=new RegExp(\"^https?:$\",\"i\"),i=0;i<o.length;i++)o[i].style.display=\"none\";for(i=0;i<a.length;i++)s=a[i],e.source===s.contentWindow&&(s.removeAttribute(\"style\"),\"height\"===t.message?(1e3<(r=parseInt(t.value,10))?r=1e3:~~r<200&&(r=200),s.height=r):\"link\"===t.message&&(r=new URL(s.getAttribute(\"src\")),n=new URL(t.value),c.test(n.protocol))&&n.host===r.host&&l.activeElement===s&&(d.top.location.href=t.value))}},d.addEventListener(\"message\",d.wp.receiveEmbedMessage,!1),l.addEventListener(\"DOMContentLoaded\",function(){for(var e,t,s=l.querySelectorAll(\"iframe.wp-embedded-content\"),r=0;r<s.length;r++)(t=(e=s[r]).getAttribute(\"data-secret\"))||(t=Math.random().toString(36).substring(2,12),e.src+=\"#?secret=\"+t,e.setAttribute(\"data-secret\",t)),e.contentWindow.postMessage({message:\"ready\",secret:t},\"*\")},!1)))}(window,document);\n\/\/# sourceURL=https:\/\/elcanillita.info\/press\/wp-includes\/js\/wp-embed.min.js\n\/* ]]> *\/\n<\/script>\n","thumbnail_url":"https:\/\/elcanillita.info\/press\/images\/2025\/11\/img_1076-1.jpg","thumbnail_width":800,"thumbnail_height":800,"description":"Los pa\u00f1uelos negros llegan a Plaza de Mayo con un grito que incomoda por igual a libertarios, peronistas y progresistas: si hubo justicia, demu\u00e9strenlo; si hubo venganza, adm\u00edtanlo. El pa\u00eds que todo debate absorbe, ahora enfrenta el \u00fanico que nunca quiso abrir."}

Los pañuelos negros llegan a Plaza de Mayo con un grito que incomoda por igual a libertarios, peronistas y progresistas: si hubo justicia, demuéstrenlo; si hubo venganza, admítanlo. El país que todo debate absorbe, ahora enfrenta el único que nunca quiso abrir.
