{"version":"1.0","provider_name":"ElCanillita.Info","provider_url":"https:\/\/elcanillita.info\/press","author_name":"SalaStampa.eu, world press service","author_url":"https:\/\/elcanillita.info\/press\/author\/rubines\/","title":"Gordio y su nudo - ElCanillita.Info","type":"rich","width":600,"height":338,"html":"<blockquote class=\"wp-embedded-content\" data-secret=\"B8Sm8lRCzu\"><a href=\"https:\/\/elcanillita.info\/press\/2023\/12\/22\/gordio-y-su-nudo\/\">Gordio y su nudo<\/a><\/blockquote><iframe sandbox=\"allow-scripts\" security=\"restricted\" src=\"https:\/\/elcanillita.info\/press\/2023\/12\/22\/gordio-y-su-nudo\/embed\/#?secret=B8Sm8lRCzu\" width=\"600\" height=\"338\" title=\"&#8220;Gordio y su nudo&#8221; &#8212; ElCanillita.Info\" data-secret=\"B8Sm8lRCzu\" frameborder=\"0\" marginwidth=\"0\" marginheight=\"0\" scrolling=\"no\" class=\"wp-embedded-content\"><\/iframe><script type=\"text\/javascript\">\n\/* <![CDATA[ *\/\n\/*! This file is auto-generated *\/\n!function(d,l){\"use strict\";l.querySelector&&d.addEventListener&&\"undefined\"!=typeof URL&&(d.wp=d.wp||{},d.wp.receiveEmbedMessage||(d.wp.receiveEmbedMessage=function(e){var t=e.data;if((t||t.secret||t.message||t.value)&&!\/[^a-zA-Z0-9]\/.test(t.secret)){for(var s,r,n,a=l.querySelectorAll('iframe[data-secret=\"'+t.secret+'\"]'),o=l.querySelectorAll('blockquote[data-secret=\"'+t.secret+'\"]'),c=new RegExp(\"^https?:$\",\"i\"),i=0;i<o.length;i++)o[i].style.display=\"none\";for(i=0;i<a.length;i++)s=a[i],e.source===s.contentWindow&&(s.removeAttribute(\"style\"),\"height\"===t.message?(1e3<(r=parseInt(t.value,10))?r=1e3:~~r<200&&(r=200),s.height=r):\"link\"===t.message&&(r=new URL(s.getAttribute(\"src\")),n=new URL(t.value),c.test(n.protocol))&&n.host===r.host&&l.activeElement===s&&(d.top.location.href=t.value))}},d.addEventListener(\"message\",d.wp.receiveEmbedMessage,!1),l.addEventListener(\"DOMContentLoaded\",function(){for(var e,t,s=l.querySelectorAll(\"iframe.wp-embedded-content\"),r=0;r<s.length;r++)(t=(e=s[r]).getAttribute(\"data-secret\"))||(t=Math.random().toString(36).substring(2,12),e.src+=\"#?secret=\"+t,e.setAttribute(\"data-secret\",t)),e.contentWindow.postMessage({message:\"ready\",secret:t},\"*\")},!1)))}(window,document);\n\/\/# sourceURL=https:\/\/elcanillita.info\/press\/wp-includes\/js\/wp-embed.min.js\n\/* ]]> *\/\n<\/script>\n","thumbnail_url":"https:\/\/elcanillita.info\/press\/images\/2023\/12\/gordio.jpg","thumbnail_width":600,"thumbnail_height":469,"description":"Seg\u00fan la antigua tradici\u00f3n, en el 333 a.C. Alejandro Magno cort\u00f3 (o desat\u00f3) el nudo gordiano: este intrincado nudo un\u00eda el yugo al poste de un carro frigio que se encontraba en la acr\u00f3polis de la ciudad. Una profec\u00eda local hab\u00eda decretado que quien pudiera desatar el nudo estaba destinado a convertirse en gobernante."}

Según la antigua tradición, en el 333 a.C. Alejandro Magno cortó (o desató) el nudo gordiano: este intrincado nudo unía el yugo al poste de un carro frigio que se encontraba en la acrópolis de la ciudad. Una profecía local había decretado que quien pudiera desatar el nudo estaba destinado a convertirse en gobernante.
