{"version":"1.0","provider_name":"ElCanillita.Info","provider_url":"https:\/\/elcanillita.info\/press","author_name":"SalaStampa.eu, world press service","author_url":"https:\/\/elcanillita.info\/press\/author\/rubines\/","title":"Cuando los Santos vienen marchando - ElCanillita.Info","type":"rich","width":600,"height":338,"html":"<blockquote class=\"wp-embedded-content\" data-secret=\"uzcfL708ay\"><a href=\"https:\/\/elcanillita.info\/press\/2021\/03\/24\/santos-vienen-marchando\/\">Cuando los Santos vienen marchando<\/a><\/blockquote><iframe sandbox=\"allow-scripts\" security=\"restricted\" src=\"https:\/\/elcanillita.info\/press\/2021\/03\/24\/santos-vienen-marchando\/embed\/#?secret=uzcfL708ay\" width=\"600\" height=\"338\" title=\"&#8220;Cuando los Santos vienen marchando&#8221; &#8212; ElCanillita.Info\" data-secret=\"uzcfL708ay\" frameborder=\"0\" marginwidth=\"0\" marginheight=\"0\" scrolling=\"no\" class=\"wp-embedded-content\"><\/iframe><script type=\"text\/javascript\">\n\/* <![CDATA[ *\/\n\/*! This file is auto-generated *\/\n!function(d,l){\"use strict\";l.querySelector&&d.addEventListener&&\"undefined\"!=typeof URL&&(d.wp=d.wp||{},d.wp.receiveEmbedMessage||(d.wp.receiveEmbedMessage=function(e){var t=e.data;if((t||t.secret||t.message||t.value)&&!\/[^a-zA-Z0-9]\/.test(t.secret)){for(var s,r,n,a=l.querySelectorAll('iframe[data-secret=\"'+t.secret+'\"]'),o=l.querySelectorAll('blockquote[data-secret=\"'+t.secret+'\"]'),c=new RegExp(\"^https?:$\",\"i\"),i=0;i<o.length;i++)o[i].style.display=\"none\";for(i=0;i<a.length;i++)s=a[i],e.source===s.contentWindow&&(s.removeAttribute(\"style\"),\"height\"===t.message?(1e3<(r=parseInt(t.value,10))?r=1e3:~~r<200&&(r=200),s.height=r):\"link\"===t.message&&(r=new URL(s.getAttribute(\"src\")),n=new URL(t.value),c.test(n.protocol))&&n.host===r.host&&l.activeElement===s&&(d.top.location.href=t.value))}},d.addEventListener(\"message\",d.wp.receiveEmbedMessage,!1),l.addEventListener(\"DOMContentLoaded\",function(){for(var e,t,s=l.querySelectorAll(\"iframe.wp-embedded-content\"),r=0;r<s.length;r++)(t=(e=s[r]).getAttribute(\"data-secret\"))||(t=Math.random().toString(36).substring(2,12),e.src+=\"#?secret=\"+t,e.setAttribute(\"data-secret\",t)),e.contentWindow.postMessage({message:\"ready\",secret:t},\"*\")},!1)))}(window,document);\n\/\/# sourceURL=https:\/\/elcanillita.info\/press\/wp-includes\/js\/wp-embed.min.js\n\/* ]]> *\/\n<\/script>\n","thumbnail_url":"https:\/\/elcanillita.info\/press\/images\/2021\/03\/berkir_20230324.jpg","thumbnail_width":600,"thumbnail_height":400,"description":"El ex Primer Ministro Silvio Berlusconi est\u00e1 hospitalizado desde el lunes por la ma\u00f1ana por problemas de salud. As\u00ed lo explic\u00f3 su abogado, Federico Cecconi, al inicio de la vista del juicio milan\u00e9s sobre el caso Ruby."}

El ex Primer Ministro Silvio Berlusconi está hospitalizado desde el lunes por la mañana por problemas de salud. Así lo explicó su abogado, Federico Cecconi, al inicio de la vista del juicio milanés sobre el caso Ruby.
