{"version":"1.0","provider_name":"ElCanillita.Info","provider_url":"https:\/\/elcanillita.info\/press","author_name":"SalaStampa.eu, world press service","author_url":"https:\/\/elcanillita.info\/press\/author\/rubines\/","title":"La ministra de trabajo y justicia de Cabo Verde, reiter\u00f3 que su gobierno no se inmiscuir\u00e1 en el caso Saab - ElCanillita.Info","type":"rich","width":600,"height":338,"html":"<blockquote class=\"wp-embedded-content\" data-secret=\"pTE8mRLmOe\"><a href=\"https:\/\/elcanillita.info\/press\/2020\/08\/04\/ministra-trabajo-justicia-cabo-verde-saab\/\">La ministra de trabajo y justicia de Cabo Verde, reiter\u00f3 que su gobierno no se inmiscuir\u00e1 en el caso Saab<\/a><\/blockquote><iframe sandbox=\"allow-scripts\" security=\"restricted\" src=\"https:\/\/elcanillita.info\/press\/2020\/08\/04\/ministra-trabajo-justicia-cabo-verde-saab\/embed\/#?secret=pTE8mRLmOe\" width=\"600\" height=\"338\" title=\"&#8220;La ministra de trabajo y justicia de Cabo Verde, reiter\u00f3 que su gobierno no se inmiscuir\u00e1 en el caso Saab&#8221; &#8212; ElCanillita.Info\" data-secret=\"pTE8mRLmOe\" frameborder=\"0\" marginwidth=\"0\" marginheight=\"0\" scrolling=\"no\" class=\"wp-embedded-content\"><\/iframe><script type=\"text\/javascript\">\n\/* <![CDATA[ *\/\n\/*! This file is auto-generated *\/\n!function(d,l){\"use strict\";l.querySelector&&d.addEventListener&&\"undefined\"!=typeof URL&&(d.wp=d.wp||{},d.wp.receiveEmbedMessage||(d.wp.receiveEmbedMessage=function(e){var t=e.data;if((t||t.secret||t.message||t.value)&&!\/[^a-zA-Z0-9]\/.test(t.secret)){for(var s,r,n,a=l.querySelectorAll('iframe[data-secret=\"'+t.secret+'\"]'),o=l.querySelectorAll('blockquote[data-secret=\"'+t.secret+'\"]'),c=new RegExp(\"^https?:$\",\"i\"),i=0;i<o.length;i++)o[i].style.display=\"none\";for(i=0;i<a.length;i++)s=a[i],e.source===s.contentWindow&&(s.removeAttribute(\"style\"),\"height\"===t.message?(1e3<(r=parseInt(t.value,10))?r=1e3:~~r<200&&(r=200),s.height=r):\"link\"===t.message&&(r=new URL(s.getAttribute(\"src\")),n=new URL(t.value),c.test(n.protocol))&&n.host===r.host&&l.activeElement===s&&(d.top.location.href=t.value))}},d.addEventListener(\"message\",d.wp.receiveEmbedMessage,!1),l.addEventListener(\"DOMContentLoaded\",function(){for(var e,t,s=l.querySelectorAll(\"iframe.wp-embedded-content\"),r=0;r<s.length;r++)(t=(e=s[r]).getAttribute(\"data-secret\"))||(t=Math.random().toString(36).substring(2,12),e.src+=\"#?secret=\"+t,e.setAttribute(\"data-secret\",t)),e.contentWindow.postMessage({message:\"ready\",secret:t},\"*\")},!1)))}(window,document);\n\/\/# sourceURL=https:\/\/elcanillita.info\/press\/wp-includes\/js\/wp-embed.min.js\n\/* ]]> *\/\n<\/script>\n","thumbnail_url":"https:\/\/elcanillita.info\/press\/images\/2020\/08\/ministra.jpg","thumbnail_width":547,"thumbnail_height":500,"description":"Janine L\u00e9lis, ministra de trabajo y justicia de Cabo Verde reiter\u00f3 el pasado 23 Julio que su gobierno no se entremeter\u00e1 en el caso de Alex Saab, un empresario colombiano al servicio del gobierno de Venezuela que fue detenido en el pa\u00eds."}

La ministra de trabajo y justicia de Cabo Verde, reiteró que su gobierno no se inmiscuirá en el caso Saab - ElCanillita.Info

<blockquote class="wp-embedded-content" data-secret="pTE8mRLmOe"><a href="https://elcanillita.info/press/2020/08/04/ministra-trabajo-justicia-cabo-verde-saab/">La ministra de trabajo y justicia de Cabo Verde, reiteró que su gobierno no se inmiscuirá en el caso Saab</a></blockquote><iframe sandbox="allow-scripts" security="restricted" src="https://elcanillita.info/press/2020/08/04/ministra-trabajo-justicia-cabo-verde-saab/embed/#?secret=pTE8mRLmOe" width="600" height="338" title="&#8220;La ministra de trabajo y justicia de Cabo Verde, reiteró que su gobierno no se inmiscuirá en el caso Saab&#8221; &#8212; ElCanillita.Info" data-secret="pTE8mRLmOe" frameborder="0" marginwidth="0" marginheight="0" scrolling="no" class="wp-embedded-content"></iframe><script type="text/javascript">
/* <![CDATA[ */
/*! This file is auto-generated */
!function(d,l){"use strict";l.querySelector&&d.addEventListener&&"undefined"!=typeof URL&&(d.wp=d.wp||{},d.wp.receiveEmbedMessage||(d.wp.receiveEmbedMessage=function(e){var t=e.data;if((t||t.secret||t.message||t.value)&&!/[^a-zA-Z0-9]/.test(t.secret)){for(var s,r,n,a=l.querySelectorAll('iframe[data-secret="'+t.secret+'"]'),o=l.querySelectorAll('blockquote[data-secret="'+t.secret+'"]'),c=new RegExp("^https?:$","i"),i=0;i<o.length;i++)o[i].style.display="none";for(i=0;i<a.length;i++)s=a[i],e.source===s.contentWindow&&(s.removeAttribute("style"),"height"===t.message?(1e3<(r=parseInt(t.value,10))?r=1e3:~~r<200&&(r=200),s.height=r):"link"===t.message&&(r=new URL(s.getAttribute("src")),n=new URL(t.value),c.test(n.protocol))&&n.host===r.host&&l.activeElement===s&&(d.top.location.href=t.value))}},d.addEventListener("message",d.wp.receiveEmbedMessage,!1),l.addEventListener("DOMContentLoaded",function(){for(var e,t,s=l.querySelectorAll("iframe.wp-embedded-content"),r=0;r<s.length;r++)(t=(e=s[r]).getAttribute("data-secret"))||(t=Math.random().toString(36).substring(2,12),e.src+="#?secret="+t,e.setAttribute("data-secret",t)),e.contentWindow.postMessage({message:"ready",secret:t},"*")},!1)))}(window,document);
//# sourceURL=https://elcanillita.info/press/wp-includes/js/wp-embed.min.js
/* ]]> */
</script>

Janine Lélis, ministra de trabajo y justicia de Cabo Verde reiteró el pasado 23 Julio que su gobierno no se entremeterá en el caso de Alex Saab, un empresario colombiano al servicio del gobierno de Venezuela que fue detenido en el país.
