{"version":"1.0","provider_name":"ElCanillita.Info","provider_url":"https:\/\/elcanillita.info\/press","author_name":"SalaStampa.eu, world press service","author_url":"https:\/\/elcanillita.info\/press\/author\/rubines\/","title":"L\u00edbano: se espera la sentencia del asesinato de Hariri para el 7 de Agosto, quince a\u00f1os y medio despu\u00e9s del ataque que desequilibr\u00f3 la regi\u00f3n - ElCanillita.Info","type":"rich","width":600,"height":338,"html":"<blockquote class=\"wp-embedded-content\" data-secret=\"bIcAuHACdt\"><a href=\"https:\/\/elcanillita.info\/press\/2020\/08\/04\/libano-sentencia-asesinato-hariri\/\">L\u00edbano: se espera la sentencia del asesinato de Hariri para el 7 de Agosto, quince a\u00f1os y medio despu\u00e9s del ataque que desequilibr\u00f3 la regi\u00f3n<\/a><\/blockquote><iframe sandbox=\"allow-scripts\" security=\"restricted\" src=\"https:\/\/elcanillita.info\/press\/2020\/08\/04\/libano-sentencia-asesinato-hariri\/embed\/#?secret=bIcAuHACdt\" width=\"600\" height=\"338\" title=\"&#8220;L\u00edbano: se espera la sentencia del asesinato de Hariri para el 7 de Agosto, quince a\u00f1os y medio despu\u00e9s del ataque que desequilibr\u00f3 la regi\u00f3n&#8221; &#8212; ElCanillita.Info\" data-secret=\"bIcAuHACdt\" frameborder=\"0\" marginwidth=\"0\" marginheight=\"0\" scrolling=\"no\" class=\"wp-embedded-content\"><\/iframe><script type=\"text\/javascript\">\n\/* <![CDATA[ *\/\n\/*! This file is auto-generated *\/\n!function(d,l){\"use strict\";l.querySelector&&d.addEventListener&&\"undefined\"!=typeof URL&&(d.wp=d.wp||{},d.wp.receiveEmbedMessage||(d.wp.receiveEmbedMessage=function(e){var t=e.data;if((t||t.secret||t.message||t.value)&&!\/[^a-zA-Z0-9]\/.test(t.secret)){for(var s,r,n,a=l.querySelectorAll('iframe[data-secret=\"'+t.secret+'\"]'),o=l.querySelectorAll('blockquote[data-secret=\"'+t.secret+'\"]'),c=new RegExp(\"^https?:$\",\"i\"),i=0;i<o.length;i++)o[i].style.display=\"none\";for(i=0;i<a.length;i++)s=a[i],e.source===s.contentWindow&&(s.removeAttribute(\"style\"),\"height\"===t.message?(1e3<(r=parseInt(t.value,10))?r=1e3:~~r<200&&(r=200),s.height=r):\"link\"===t.message&&(r=new URL(s.getAttribute(\"src\")),n=new URL(t.value),c.test(n.protocol))&&n.host===r.host&&l.activeElement===s&&(d.top.location.href=t.value))}},d.addEventListener(\"message\",d.wp.receiveEmbedMessage,!1),l.addEventListener(\"DOMContentLoaded\",function(){for(var e,t,s=l.querySelectorAll(\"iframe.wp-embedded-content\"),r=0;r<s.length;r++)(t=(e=s[r]).getAttribute(\"data-secret\"))||(t=Math.random().toString(36).substring(2,12),e.src+=\"#?secret=\"+t,e.setAttribute(\"data-secret\",t)),e.contentWindow.postMessage({message:\"ready\",secret:t},\"*\")},!1)))}(window,document);\n\/\/# sourceURL=https:\/\/elcanillita.info\/press\/wp-includes\/js\/wp-embed.min.js\n\/* ]]> *\/\n<\/script>\n","description":"BEIRUT, 04.08.2020 - La sentencia esperada por el asesinato del ex primer ministro liban\u00e9s Rafiq Hariri, asesinado en Beirut el 14 de febrero, ser\u00e1 pronunciada el pr\u00f3ximo viernes por el Tribunal Especial para el L\u00edbano (TSL), con sede en La Haya desde el 2005 junto con otras 21 personas. Las repercusiones pol\u00edticas de ese crimen han cambiado profundamente el equilibrio regional."}

Líbano: se espera la sentencia del asesinato de Hariri para el 7 de Agosto, quince años y medio después del ataque que desequilibró la región - ElCanillita.Info

<blockquote class="wp-embedded-content" data-secret="bIcAuHACdt"><a href="https://elcanillita.info/press/2020/08/04/libano-sentencia-asesinato-hariri/">Líbano: se espera la sentencia del asesinato de Hariri para el 7 de Agosto, quince años y medio después del ataque que desequilibró la región</a></blockquote><iframe sandbox="allow-scripts" security="restricted" src="https://elcanillita.info/press/2020/08/04/libano-sentencia-asesinato-hariri/embed/#?secret=bIcAuHACdt" width="600" height="338" title="&#8220;Líbano: se espera la sentencia del asesinato de Hariri para el 7 de Agosto, quince años y medio después del ataque que desequilibró la región&#8221; &#8212; ElCanillita.Info" data-secret="bIcAuHACdt" frameborder="0" marginwidth="0" marginheight="0" scrolling="no" class="wp-embedded-content"></iframe><script type="text/javascript">
/* <![CDATA[ */
/*! This file is auto-generated */
!function(d,l){"use strict";l.querySelector&&d.addEventListener&&"undefined"!=typeof URL&&(d.wp=d.wp||{},d.wp.receiveEmbedMessage||(d.wp.receiveEmbedMessage=function(e){var t=e.data;if((t||t.secret||t.message||t.value)&&!/[^a-zA-Z0-9]/.test(t.secret)){for(var s,r,n,a=l.querySelectorAll('iframe[data-secret="'+t.secret+'"]'),o=l.querySelectorAll('blockquote[data-secret="'+t.secret+'"]'),c=new RegExp("^https?:$","i"),i=0;i<o.length;i++)o[i].style.display="none";for(i=0;i<a.length;i++)s=a[i],e.source===s.contentWindow&&(s.removeAttribute("style"),"height"===t.message?(1e3<(r=parseInt(t.value,10))?r=1e3:~~r<200&&(r=200),s.height=r):"link"===t.message&&(r=new URL(s.getAttribute("src")),n=new URL(t.value),c.test(n.protocol))&&n.host===r.host&&l.activeElement===s&&(d.top.location.href=t.value))}},d.addEventListener("message",d.wp.receiveEmbedMessage,!1),l.addEventListener("DOMContentLoaded",function(){for(var e,t,s=l.querySelectorAll("iframe.wp-embedded-content"),r=0;r<s.length;r++)(t=(e=s[r]).getAttribute("data-secret"))||(t=Math.random().toString(36).substring(2,12),e.src+="#?secret="+t,e.setAttribute("data-secret",t)),e.contentWindow.postMessage({message:"ready",secret:t},"*")},!1)))}(window,document);
//# sourceURL=https://elcanillita.info/press/wp-includes/js/wp-embed.min.js
/* ]]> */
</script>

BEIRUT, 04.08.2020 - La sentencia esperada por el asesinato del ex primer ministro libanés Rafiq Hariri, asesinado en Beirut el 14 de febrero, será pronunciada el próximo viernes por el Tribunal Especial para el Líbano (TSL), con sede en La Haya desde el 2005 junto con otras 21 personas. Las repercusiones políticas de ese crimen han cambiado profundamente el equilibrio regional.
