{"version":"1.0","provider_name":"ElCanillita.Info","provider_url":"https:\/\/elcanillita.info\/press","author_name":"SalaStampa.eu, world press service","author_url":"https:\/\/elcanillita.info\/press\/author\/rubines\/","title":"Manifestaciones de Protesta en Jartum - ElCanillita.Info","type":"rich","width":600,"height":338,"html":"<blockquote class=\"wp-embedded-content\" data-secret=\"BTGm01jWsl\"><a href=\"https:\/\/elcanillita.info\/press\/2020\/07\/02\/manifestaciones-de-protesta-en-jartum\/\">Manifestaciones de Protesta en Jartum<\/a><\/blockquote><iframe sandbox=\"allow-scripts\" security=\"restricted\" src=\"https:\/\/elcanillita.info\/press\/2020\/07\/02\/manifestaciones-de-protesta-en-jartum\/embed\/#?secret=BTGm01jWsl\" width=\"600\" height=\"338\" title=\"&#8220;Manifestaciones de Protesta en Jartum&#8221; &#8212; ElCanillita.Info\" data-secret=\"BTGm01jWsl\" frameborder=\"0\" marginwidth=\"0\" marginheight=\"0\" scrolling=\"no\" class=\"wp-embedded-content\"><\/iframe><script type=\"text\/javascript\">\n\/* <![CDATA[ *\/\n\/*! This file is auto-generated *\/\n!function(d,l){\"use strict\";l.querySelector&&d.addEventListener&&\"undefined\"!=typeof URL&&(d.wp=d.wp||{},d.wp.receiveEmbedMessage||(d.wp.receiveEmbedMessage=function(e){var t=e.data;if((t||t.secret||t.message||t.value)&&!\/[^a-zA-Z0-9]\/.test(t.secret)){for(var s,r,n,a=l.querySelectorAll('iframe[data-secret=\"'+t.secret+'\"]'),o=l.querySelectorAll('blockquote[data-secret=\"'+t.secret+'\"]'),c=new RegExp(\"^https?:$\",\"i\"),i=0;i<o.length;i++)o[i].style.display=\"none\";for(i=0;i<a.length;i++)s=a[i],e.source===s.contentWindow&&(s.removeAttribute(\"style\"),\"height\"===t.message?(1e3<(r=parseInt(t.value,10))?r=1e3:~~r<200&&(r=200),s.height=r):\"link\"===t.message&&(r=new URL(s.getAttribute(\"src\")),n=new URL(t.value),c.test(n.protocol))&&n.host===r.host&&l.activeElement===s&&(d.top.location.href=t.value))}},d.addEventListener(\"message\",d.wp.receiveEmbedMessage,!1),l.addEventListener(\"DOMContentLoaded\",function(){for(var e,t,s=l.querySelectorAll(\"iframe.wp-embedded-content\"),r=0;r<s.length;r++)(t=(e=s[r]).getAttribute(\"data-secret\"))||(t=Math.random().toString(36).substring(2,12),e.src+=\"#?secret=\"+t,e.setAttribute(\"data-secret\",t)),e.contentWindow.postMessage({message:\"ready\",secret:t},\"*\")},!1)))}(window,document);\n\/\/# sourceURL=https:\/\/elcanillita.info\/press\/wp-includes\/js\/wp-embed.min.js\n\/* ]]> *\/\n<\/script>\n","thumbnail_url":"https:\/\/elcanillita.info\/press\/images\/2020\/07\/Jartum-2020-07-02-at-09.28.41.jpeg","thumbnail_width":600,"thumbnail_height":384,"description":"Jartum, 02.07.2020 - El Comit\u00e9 de M\u00e9dicos de Sud\u00e1n anunci\u00f3 el mi\u00e9rcoles que docenas de manifestantes resultaron heridos, incluidos cuatro por fuego de balas, el pasado martes en la manifestaci\u00f3n convocada por este organismo con otras partes en la capital, Jartum y otras ciudades."}

Jartum, 02.07.2020 - El Comité de Médicos de Sudán anunció el miércoles que docenas de manifestantes resultaron heridos, incluidos cuatro por fuego de balas, el pasado martes en la manifestación convocada por este organismo con otras partes en la capital, Jartum y otras ciudades.
