{"version":"1.0","provider_name":"ElCanillita.Info","provider_url":"https:\/\/elcanillita.info\/press","author_name":"SalaStampa.eu, world press service","author_url":"https:\/\/elcanillita.info\/press\/author\/rubines\/","title":"M\u00e9jico: aumento de penas por feminicidios genera pol\u00e9mica entre colectivos - ElCanillita.Info","type":"rich","width":600,"height":338,"html":"<blockquote class=\"wp-embedded-content\" data-secret=\"mr6OAKqscT\"><a href=\"https:\/\/elcanillita.info\/press\/2020\/02\/20\/mejico-aumento-penas-feminicidios-polemica-colectivos\/\">M\u00e9jico: aumento de penas por feminicidios genera pol\u00e9mica entre colectivos<\/a><\/blockquote><iframe sandbox=\"allow-scripts\" security=\"restricted\" src=\"https:\/\/elcanillita.info\/press\/2020\/02\/20\/mejico-aumento-penas-feminicidios-polemica-colectivos\/embed\/#?secret=mr6OAKqscT\" width=\"600\" height=\"338\" title=\"&#8220;M\u00e9jico: aumento de penas por feminicidios genera pol\u00e9mica entre colectivos&#8221; &#8212; ElCanillita.Info\" data-secret=\"mr6OAKqscT\" frameborder=\"0\" marginwidth=\"0\" marginheight=\"0\" scrolling=\"no\" class=\"wp-embedded-content\"><\/iframe><script type=\"text\/javascript\">\n\/* <![CDATA[ *\/\n\/*! This file is auto-generated *\/\n!function(d,l){\"use strict\";l.querySelector&&d.addEventListener&&\"undefined\"!=typeof URL&&(d.wp=d.wp||{},d.wp.receiveEmbedMessage||(d.wp.receiveEmbedMessage=function(e){var t=e.data;if((t||t.secret||t.message||t.value)&&!\/[^a-zA-Z0-9]\/.test(t.secret)){for(var s,r,n,a=l.querySelectorAll('iframe[data-secret=\"'+t.secret+'\"]'),o=l.querySelectorAll('blockquote[data-secret=\"'+t.secret+'\"]'),c=new RegExp(\"^https?:$\",\"i\"),i=0;i<o.length;i++)o[i].style.display=\"none\";for(i=0;i<a.length;i++)s=a[i],e.source===s.contentWindow&&(s.removeAttribute(\"style\"),\"height\"===t.message?(1e3<(r=parseInt(t.value,10))?r=1e3:~~r<200&&(r=200),s.height=r):\"link\"===t.message&&(r=new URL(s.getAttribute(\"src\")),n=new URL(t.value),c.test(n.protocol))&&n.host===r.host&&l.activeElement===s&&(d.top.location.href=t.value))}},d.addEventListener(\"message\",d.wp.receiveEmbedMessage,!1),l.addEventListener(\"DOMContentLoaded\",function(){for(var e,t,s=l.querySelectorAll(\"iframe.wp-embedded-content\"),r=0;r<s.length;r++)(t=(e=s[r]).getAttribute(\"data-secret\"))||(t=Math.random().toString(36).substring(2,12),e.src+=\"#?secret=\"+t,e.setAttribute(\"data-secret\",t)),e.contentWindow.postMessage({message:\"ready\",secret:t},\"*\")},!1)))}(window,document);\n\/\/# sourceURL=https:\/\/elcanillita.info\/press\/wp-includes\/js\/wp-embed.min.js\n\/* ]]> *\/\n<\/script>\n","description":"Mejico, 20.02.2020 - Colectivos de mujeres de M\u00e9xico criticaron el mi\u00e9rcoles el aumento de las penas para los feminicidas aprobada por la C\u00e1mara de Diputados en medio de una creciente indignaci\u00f3n por los recientes cr\u00edmenes ocurridos en la capital. Dijeron que la medida es ineficaz y no evitar\u00e1 nuevos asesinatos."}

Méjico: aumento de penas por feminicidios genera polémica entre colectivos - ElCanillita.Info

<blockquote class="wp-embedded-content" data-secret="mr6OAKqscT"><a href="https://elcanillita.info/press/2020/02/20/mejico-aumento-penas-feminicidios-polemica-colectivos/">Méjico: aumento de penas por feminicidios genera polémica entre colectivos</a></blockquote><iframe sandbox="allow-scripts" security="restricted" src="https://elcanillita.info/press/2020/02/20/mejico-aumento-penas-feminicidios-polemica-colectivos/embed/#?secret=mr6OAKqscT" width="600" height="338" title="&#8220;Méjico: aumento de penas por feminicidios genera polémica entre colectivos&#8221; &#8212; ElCanillita.Info" data-secret="mr6OAKqscT" frameborder="0" marginwidth="0" marginheight="0" scrolling="no" class="wp-embedded-content"></iframe><script type="text/javascript">
/* <![CDATA[ */
/*! This file is auto-generated */
!function(d,l){"use strict";l.querySelector&&d.addEventListener&&"undefined"!=typeof URL&&(d.wp=d.wp||{},d.wp.receiveEmbedMessage||(d.wp.receiveEmbedMessage=function(e){var t=e.data;if((t||t.secret||t.message||t.value)&&!/[^a-zA-Z0-9]/.test(t.secret)){for(var s,r,n,a=l.querySelectorAll('iframe[data-secret="'+t.secret+'"]'),o=l.querySelectorAll('blockquote[data-secret="'+t.secret+'"]'),c=new RegExp("^https?:$","i"),i=0;i<o.length;i++)o[i].style.display="none";for(i=0;i<a.length;i++)s=a[i],e.source===s.contentWindow&&(s.removeAttribute("style"),"height"===t.message?(1e3<(r=parseInt(t.value,10))?r=1e3:~~r<200&&(r=200),s.height=r):"link"===t.message&&(r=new URL(s.getAttribute("src")),n=new URL(t.value),c.test(n.protocol))&&n.host===r.host&&l.activeElement===s&&(d.top.location.href=t.value))}},d.addEventListener("message",d.wp.receiveEmbedMessage,!1),l.addEventListener("DOMContentLoaded",function(){for(var e,t,s=l.querySelectorAll("iframe.wp-embedded-content"),r=0;r<s.length;r++)(t=(e=s[r]).getAttribute("data-secret"))||(t=Math.random().toString(36).substring(2,12),e.src+="#?secret="+t,e.setAttribute("data-secret",t)),e.contentWindow.postMessage({message:"ready",secret:t},"*")},!1)))}(window,document);
//# sourceURL=https://elcanillita.info/press/wp-includes/js/wp-embed.min.js
/* ]]> */
</script>

Mejico, 20.02.2020 - Colectivos de mujeres de México criticaron el miércoles el aumento de las penas para los feminicidas aprobada por la Cámara de Diputados en medio de una creciente indignación por los recientes crímenes ocurridos en la capital. Dijeron que la medida es ineficaz y no evitará nuevos asesinatos.
