{"version":"1.0","provider_name":"ElCanillita.Info","provider_url":"https:\/\/elcanillita.info\/press","author_name":"SalaStampa.eu, world press service","author_url":"https:\/\/elcanillita.info\/press\/author\/rubines\/","title":"Erdogan exige retirada de las fuerzas sirias en Idlib - ElCanillita.Info","type":"rich","width":600,"height":338,"html":"<blockquote class=\"wp-embedded-content\" data-secret=\"uvtaOrhzxD\"><a href=\"https:\/\/elcanillita.info\/press\/2020\/02\/05\/erdogan-exige-retirada-fuerzas-sirias-idlib\/\">Erdogan exige retirada de las fuerzas sirias en Idlib<\/a><\/blockquote><iframe sandbox=\"allow-scripts\" security=\"restricted\" src=\"https:\/\/elcanillita.info\/press\/2020\/02\/05\/erdogan-exige-retirada-fuerzas-sirias-idlib\/embed\/#?secret=uvtaOrhzxD\" width=\"600\" height=\"338\" title=\"&#8220;Erdogan exige retirada de las fuerzas sirias en Idlib&#8221; &#8212; ElCanillita.Info\" data-secret=\"uvtaOrhzxD\" frameborder=\"0\" marginwidth=\"0\" marginheight=\"0\" scrolling=\"no\" class=\"wp-embedded-content\"><\/iframe><script type=\"text\/javascript\">\n\/* <![CDATA[ *\/\n\/*! This file is auto-generated *\/\n!function(d,l){\"use strict\";l.querySelector&&d.addEventListener&&\"undefined\"!=typeof URL&&(d.wp=d.wp||{},d.wp.receiveEmbedMessage||(d.wp.receiveEmbedMessage=function(e){var t=e.data;if((t||t.secret||t.message||t.value)&&!\/[^a-zA-Z0-9]\/.test(t.secret)){for(var s,r,n,a=l.querySelectorAll('iframe[data-secret=\"'+t.secret+'\"]'),o=l.querySelectorAll('blockquote[data-secret=\"'+t.secret+'\"]'),c=new RegExp(\"^https?:$\",\"i\"),i=0;i<o.length;i++)o[i].style.display=\"none\";for(i=0;i<a.length;i++)s=a[i],e.source===s.contentWindow&&(s.removeAttribute(\"style\"),\"height\"===t.message?(1e3<(r=parseInt(t.value,10))?r=1e3:~~r<200&&(r=200),s.height=r):\"link\"===t.message&&(r=new URL(s.getAttribute(\"src\")),n=new URL(t.value),c.test(n.protocol))&&n.host===r.host&&l.activeElement===s&&(d.top.location.href=t.value))}},d.addEventListener(\"message\",d.wp.receiveEmbedMessage,!1),l.addEventListener(\"DOMContentLoaded\",function(){for(var e,t,s=l.querySelectorAll(\"iframe.wp-embedded-content\"),r=0;r<s.length;r++)(t=(e=s[r]).getAttribute(\"data-secret\"))||(t=Math.random().toString(36).substring(2,12),e.src+=\"#?secret=\"+t,e.setAttribute(\"data-secret\",t)),e.contentWindow.postMessage({message:\"ready\",secret:t},\"*\")},!1)))}(window,document);\n\/\/# sourceURL=https:\/\/elcanillita.info\/press\/wp-includes\/js\/wp-embed.min.js\n\/* ]]> *\/\n<\/script>\n","description":"Ankara, 05.02.2020 - El presidente turco, Recep Tayyip Erdogan, lanz\u00f3 este mi\u00e9rcoles un ultim\u00e1tum al gobierno de Bashar al Asad para que retroceda en el noroeste de Siria, despu\u00e9s de que varios enfrentamientos suscitaran roces entre Ankara y Mosc\u00fa, aliado de Damasco."}

Ankara, 05.02.2020 - El presidente turco, Recep Tayyip Erdogan, lanzó este miércoles un ultimátum al gobierno de Bashar al Asad para que retroceda en el noroeste de Siria, después de que varios enfrentamientos suscitaran roces entre Ankara y Moscú, aliado de Damasco.
